{"id":579,"date":"2023-10-04T11:27:06","date_gmt":"2023-10-04T09:27:06","guid":{"rendered":"https:\/\/www.baum-ok.at\/pogats\/?page_id=579"},"modified":"2023-10-04T11:36:30","modified_gmt":"2023-10-04T09:36:30","slug":"leistungen","status":"publish","type":"page","link":"https:\/\/www.baum-ok.at\/pogats\/leistungen\/","title":{"rendered":"Leistungen"},"content":{"rendered":"\n<div class=\"wp-block-group alignfull\"><div class=\"wp-block-group__inner-container is-layout-constrained wp-block-group-is-layout-constrained\">\n<div class=\"wp-block-cover alignfull is-style-default\" style=\"margin-top:0;padding-top:0;padding-right:0;padding-bottom:0;padding-left:0;font-size:19px;min-height:30vw;aspect-ratio:unset;\"><span aria-hidden=\"true\" class=\"wp-block-cover__background has-black-background-color has-background-dim-0 has-background-dim\"><\/span><img loading=\"lazy\" decoding=\"async\" width=\"2560\" height=\"1440\" class=\"wp-block-cover__image-background wp-image-582\" alt=\"\" src=\"https:\/\/www.baum-ok.at\/pogats\/wp-content\/uploads\/2023\/10\/20200909_083633.jpg\" style=\"object-position:53% 78%\" data-object-fit=\"cover\" data-object-position=\"53% 78%\" srcset=\"https:\/\/www.baum-ok.at\/pogats\/wp-content\/uploads\/2023\/10\/20200909_083633.jpg 2560w, https:\/\/www.baum-ok.at\/pogats\/wp-content\/uploads\/2023\/10\/20200909_083633-300x169.jpg 300w, https:\/\/www.baum-ok.at\/pogats\/wp-content\/uploads\/2023\/10\/20200909_083633-1024x576.jpg 1024w, https:\/\/www.baum-ok.at\/pogats\/wp-content\/uploads\/2023\/10\/20200909_083633-768x432.jpg 768w, https:\/\/www.baum-ok.at\/pogats\/wp-content\/uploads\/2023\/10\/20200909_083633-1536x864.jpg 1536w, https:\/\/www.baum-ok.at\/pogats\/wp-content\/uploads\/2023\/10\/20200909_083633-2048x1152.jpg 2048w\" sizes=\"auto, (max-width: 2560px) 100vw, 2560px\" \/><div class=\"wp-block-cover__inner-container is-layout-flow wp-block-cover-is-layout-flow\">\n<div class=\"wp-block-columns is-layout-flex wp-container-core-columns-is-layout-9d6595d7 wp-block-columns-is-layout-flex\">\n<div class=\"wp-block-column is-layout-flow wp-block-column-is-layout-flow\" style=\"flex-basis:15%\"><\/div>\n\n\n\n<div class=\"wp-block-column is-layout-flow wp-block-column-is-layout-flow\" style=\"flex-basis:70%\">\n<p class=\"has-text-align-center has-theme-palette-9-color has-text-color has-background has-large-font-size\" style=\"background-color:#81b05378;padding-top:var(--wp--preset--spacing--20);padding-right:var(--wp--preset--spacing--20);padding-bottom:var(--wp--preset--spacing--20);padding-left:var(--wp--preset--spacing--20)\"><strong>UNSERE<\/strong> Leistung \u2013 <strong>IHR <\/strong>Vorteil!<\/p>\n<\/div>\n\n\n\n<div class=\"wp-block-column is-layout-flow wp-block-column-is-layout-flow\" style=\"flex-basis:15%\"><\/div>\n<\/div>\n<\/div><\/div>\n<\/div><\/div>\n\n\n\n<h3 class=\"wp-block-heading has-text-align-center has-theme-palette-5-color has-text-color\">Wir sch\u00e4tzen die Lage ein \u2013 kontaktieren Sie uns.<\/h3>\n\n\n\n<div class=\"wp-block-uagb-advanced-heading uagb-block-21a10f44\"><h1 class=\"uagb-heading-text\">Kostenlose Angebotslegung<\/h1><\/div>\n\n\n\n<div class=\"wp-block-columns is-layout-flex wp-container-core-columns-is-layout-9d6595d7 wp-block-columns-is-layout-flex\">\n<div class=\"wp-block-column is-layout-flow wp-block-column-is-layout-flow\"><style>.kb-row-layout-id579_1ee5fd-51 > .kt-row-column-wrap{align-content:start;}:where(.kb-row-layout-id579_1ee5fd-51 > .kt-row-column-wrap) > .wp-block-kadence-column{justify-content:start;}.kb-row-layout-id579_1ee5fd-51 > .kt-row-column-wrap{column-gap:var(--global-kb-gap-md, 2rem);row-gap:var(--global-kb-gap-none, 0rem );padding-bottom:var(--global-kb-spacing-sm, 1.5rem);grid-template-columns:minmax(0, 1fr);}.kb-row-layout-id579_1ee5fd-51 > .kt-row-layout-overlay{opacity:0.30;}@media all and (max-width: 1024px){.kb-row-layout-id579_1ee5fd-51 > .kt-row-column-wrap{grid-template-columns:minmax(0, 1fr);}}@media all and (max-width: 767px){.kb-row-layout-id579_1ee5fd-51 > .kt-row-column-wrap{grid-template-columns:minmax(0, 1fr);}}<\/style><div class=\"kb-row-layout-wrap kb-row-layout-id579_1ee5fd-51 aligncenter wp-block-kadence-rowlayout\"><div class=\"kt-row-column-wrap kt-has-1-columns kt-row-layout-equal kt-tab-layout-inherit kt-mobile-layout-row kt-row-valign-top\">\n<style>.kadence-column579_ce2c9e-c3 > .kt-inside-inner-col,.kadence-column579_ce2c9e-c3 > .kt-inside-inner-col:before{border-top-left-radius:0px;border-top-right-radius:0px;border-bottom-right-radius:0px;border-bottom-left-radius:0px;}.kadence-column579_ce2c9e-c3 > .kt-inside-inner-col{column-gap:var(--global-kb-gap-sm, 1rem);}.kadence-column579_ce2c9e-c3 > .kt-inside-inner-col{flex-direction:column;}.kadence-column579_ce2c9e-c3 > .kt-inside-inner-col > .aligncenter{width:100%;}.kadence-column579_ce2c9e-c3 > .kt-inside-inner-col:before{opacity:0.3;}.kadence-column579_ce2c9e-c3{position:relative;}@media all and (max-width: 1024px){.kadence-column579_ce2c9e-c3 > .kt-inside-inner-col{flex-direction:column;justify-content:center;}}@media all and (max-width: 767px){.kadence-column579_ce2c9e-c3 > .kt-inside-inner-col{flex-direction:column;justify-content:center;}}<\/style>\n<div class=\"wp-block-kadence-column kadence-column579_ce2c9e-c3\"><div class=\"kt-inside-inner-col\"><div class=\"wp-block-image is-style-default\">\n<figure class=\"aligncenter size-thumbnail is-resized\"><img loading=\"lazy\" decoding=\"async\" src=\"https:\/\/www.baum-ok.at\/pogats\/wp-content\/uploads\/2023\/07\/icon_Baumpflege1-150x150.png\" alt=\"\" class=\"wp-image-30\" style=\"width:113px;height:113px\" width=\"113\" height=\"113\" title=\"Baum Pflege\" srcset=\"https:\/\/www.baum-ok.at\/pogats\/wp-content\/uploads\/2023\/07\/icon_Baumpflege1-150x150.png 150w, https:\/\/www.baum-ok.at\/pogats\/wp-content\/uploads\/2023\/07\/icon_Baumpflege1.png 203w\" sizes=\"auto, (max-width: 113px) 100vw, 113px\" \/><\/figure>\n<\/div>\n\n<style>.wp-block-kadence-advancedbtn.kb-btns579_06e7bd-59{gap:var(--global-kb-gap-xs, 0.5rem );justify-content:center;align-items:center;}.kt-btns579_06e7bd-59 .kt-button{font-weight:normal;font-style:normal;}.kt-btns579_06e7bd-59 .kt-btn-wrap-0{margin-right:5px;}.wp-block-kadence-advancedbtn.kt-btns579_06e7bd-59 .kt-btn-wrap-0 .kt-button{color:#555555;border-color:#555555;}.wp-block-kadence-advancedbtn.kt-btns579_06e7bd-59 .kt-btn-wrap-0 .kt-button:hover, .wp-block-kadence-advancedbtn.kt-btns579_06e7bd-59 .kt-btn-wrap-0 .kt-button:focus{color:#ffffff;border-color:#444444;}.wp-block-kadence-advancedbtn.kt-btns579_06e7bd-59 .kt-btn-wrap-0 .kt-button::before{display:none;}.wp-block-kadence-advancedbtn.kt-btns579_06e7bd-59 .kt-btn-wrap-0 .kt-button:hover, .wp-block-kadence-advancedbtn.kt-btns579_06e7bd-59 .kt-btn-wrap-0 .kt-button:focus{background:#444444;}<\/style>\n<div class=\"wp-block-kadence-advancedbtn kb-buttons-wrap kb-btns579_06e7bd-59\"><style>ul.menu .wp-block-kadence-advancedbtn .kb-btn579_1507fd-c9.kb-button{width:initial;}.wp-block-kadence-advancedbtn .kb-btn579_1507fd-c9.kb-button{color:var(--global-palette3, #1A202C);background:rgba(255,255,255,0);border-top:1px solid var(--global-palette3, #1A202C);border-right:1px solid var(--global-palette3, #1A202C);border-bottom:1px solid var(--global-palette3, #1A202C);border-left:1px solid var(--global-palette3, #1A202C);}.wp-block-kadence-advancedbtn .kb-btn579_1507fd-c9.kb-button:hover, .wp-block-kadence-advancedbtn .kb-btn579_1507fd-c9.kb-button:focus{color:var(--global-palette2, #2B6CB0);border-top:1px solid var(--global-palette2, #2B6CB0);border-right:1px solid var(--global-palette2, #2B6CB0);border-bottom:1px solid var(--global-palette2, #2B6CB0);border-left:1px solid var(--global-palette2, #2B6CB0);}@media all and (max-width: 1024px){.wp-block-kadence-advancedbtn .kb-btn579_1507fd-c9.kb-button{border-top:1px solid var(--global-palette3, #1A202C);border-right:1px solid var(--global-palette3, #1A202C);border-bottom:1px solid var(--global-palette3, #1A202C);border-left:1px solid var(--global-palette3, #1A202C);}}@media all and (max-width: 1024px){.wp-block-kadence-advancedbtn .kb-btn579_1507fd-c9.kb-button:hover, .wp-block-kadence-advancedbtn .kb-btn579_1507fd-c9.kb-button:focus{border-top:1px solid var(--global-palette2, #2B6CB0);border-right:1px solid var(--global-palette2, #2B6CB0);border-bottom:1px solid var(--global-palette2, #2B6CB0);border-left:1px solid var(--global-palette2, #2B6CB0);}}@media all and (max-width: 767px){.wp-block-kadence-advancedbtn .kb-btn579_1507fd-c9.kb-button{border-top:1px solid var(--global-palette3, #1A202C);border-right:1px solid var(--global-palette3, #1A202C);border-bottom:1px solid var(--global-palette3, #1A202C);border-left:1px solid var(--global-palette3, #1A202C);}.wp-block-kadence-advancedbtn .kb-btn579_1507fd-c9.kb-button:hover, .wp-block-kadence-advancedbtn .kb-btn579_1507fd-c9.kb-button:focus{border-top:1px solid var(--global-palette2, #2B6CB0);border-right:1px solid var(--global-palette2, #2B6CB0);border-bottom:1px solid var(--global-palette2, #2B6CB0);border-left:1px solid var(--global-palette2, #2B6CB0);}}<\/style><a class=\"kb-button kt-button button kb-btn579_1507fd-c9 kt-btn-size-small kt-btn-width-type-full kb-btn-global-inherit  kt-btn-has-text-true kt-btn-has-svg-false  wp-block-button__link wp-block-kadence-singlebtn\" href=\"https:\/\/www.baum-ok.at\/pogats\/baumpflege\/\"><span class=\"kt-btn-inner-text\"><strong>BAUM<\/strong><br><strong>Pflege<\/strong><\/span><\/a><\/div>\n<\/div><\/div>\n\n<\/div><\/div><\/div>\n\n\n\n<div class=\"wp-block-column is-layout-flow wp-block-column-is-layout-flow\"><div class=\"wp-block-image\">\n<figure class=\"aligncenter size-thumbnail is-resized\"><img loading=\"lazy\" decoding=\"async\" src=\"https:\/\/www.baum-ok.at\/pogats\/wp-content\/uploads\/2023\/07\/icon_Baumkontrolle-150x150.png\" alt=\"\" class=\"wp-image-24\" style=\"width:113px;height:113px\" width=\"113\" height=\"113\" srcset=\"https:\/\/www.baum-ok.at\/pogats\/wp-content\/uploads\/2023\/07\/icon_Baumkontrolle-150x150.png 150w, https:\/\/www.baum-ok.at\/pogats\/wp-content\/uploads\/2023\/07\/icon_Baumkontrolle.png 201w\" sizes=\"auto, (max-width: 113px) 100vw, 113px\" \/><\/figure>\n<\/div>\n\n<style>.wp-block-kadence-advancedbtn.kb-btns579_41db1c-b0{gap:var(--global-kb-gap-xs, 0.5rem );justify-content:center;align-items:center;}.kt-btns579_41db1c-b0 .kt-button{font-weight:normal;font-style:normal;}.kt-btns579_41db1c-b0 .kt-btn-wrap-0{margin-right:5px;}.wp-block-kadence-advancedbtn.kt-btns579_41db1c-b0 .kt-btn-wrap-0 .kt-button{color:#555555;border-color:#555555;}.wp-block-kadence-advancedbtn.kt-btns579_41db1c-b0 .kt-btn-wrap-0 .kt-button:hover, .wp-block-kadence-advancedbtn.kt-btns579_41db1c-b0 .kt-btn-wrap-0 .kt-button:focus{color:#ffffff;border-color:#444444;}.wp-block-kadence-advancedbtn.kt-btns579_41db1c-b0 .kt-btn-wrap-0 .kt-button::before{display:none;}.wp-block-kadence-advancedbtn.kt-btns579_41db1c-b0 .kt-btn-wrap-0 .kt-button:hover, .wp-block-kadence-advancedbtn.kt-btns579_41db1c-b0 .kt-btn-wrap-0 .kt-button:focus{background:#444444;}<\/style>\n<div class=\"wp-block-kadence-advancedbtn kb-buttons-wrap kb-btns579_41db1c-b0\"><style>ul.menu .wp-block-kadence-advancedbtn .kb-btn579_15c1c2-a7.kb-button{width:initial;}.wp-block-kadence-advancedbtn .kb-btn579_15c1c2-a7.kb-button{color:var(--global-palette3, #1A202C);background:rgba(255,255,255,0);border-top:1px solid var(--global-palette3, #1A202C);border-right:1px solid var(--global-palette3, #1A202C);border-bottom:1px solid var(--global-palette3, #1A202C);border-left:1px solid var(--global-palette3, #1A202C);}.wp-block-kadence-advancedbtn .kb-btn579_15c1c2-a7.kb-button:hover, .wp-block-kadence-advancedbtn .kb-btn579_15c1c2-a7.kb-button:focus{color:var(--global-palette2, #2B6CB0);border-top:1px solid var(--global-palette2, #2B6CB0);border-right:1px solid var(--global-palette2, #2B6CB0);border-bottom:1px solid var(--global-palette2, #2B6CB0);border-left:1px solid var(--global-palette2, #2B6CB0);}@media all and (max-width: 1024px){.wp-block-kadence-advancedbtn .kb-btn579_15c1c2-a7.kb-button{border-top:1px solid var(--global-palette3, #1A202C);border-right:1px solid var(--global-palette3, #1A202C);border-bottom:1px solid var(--global-palette3, #1A202C);border-left:1px solid var(--global-palette3, #1A202C);}}@media all and (max-width: 1024px){.wp-block-kadence-advancedbtn .kb-btn579_15c1c2-a7.kb-button:hover, .wp-block-kadence-advancedbtn .kb-btn579_15c1c2-a7.kb-button:focus{border-top:1px solid var(--global-palette2, #2B6CB0);border-right:1px solid var(--global-palette2, #2B6CB0);border-bottom:1px solid var(--global-palette2, #2B6CB0);border-left:1px solid var(--global-palette2, #2B6CB0);}}@media all and (max-width: 767px){.wp-block-kadence-advancedbtn .kb-btn579_15c1c2-a7.kb-button{border-top:1px solid var(--global-palette3, #1A202C);border-right:1px solid var(--global-palette3, #1A202C);border-bottom:1px solid var(--global-palette3, #1A202C);border-left:1px solid var(--global-palette3, #1A202C);}.wp-block-kadence-advancedbtn .kb-btn579_15c1c2-a7.kb-button:hover, .wp-block-kadence-advancedbtn .kb-btn579_15c1c2-a7.kb-button:focus{border-top:1px solid var(--global-palette2, #2B6CB0);border-right:1px solid var(--global-palette2, #2B6CB0);border-bottom:1px solid var(--global-palette2, #2B6CB0);border-left:1px solid var(--global-palette2, #2B6CB0);}}<\/style><a class=\"kb-button kt-button button kb-btn579_15c1c2-a7 kt-btn-size-small kt-btn-width-type-full kb-btn-global-inherit  kt-btn-has-text-true kt-btn-has-svg-false  wp-block-button__link wp-block-kadence-singlebtn\" href=\"https:\/\/www.baum-ok.at\/pogats\/baumkontrolle\/\"><span class=\"kt-btn-inner-text\"><strong>BAUM<\/strong><br><strong>Kontrolle<\/strong><\/span><\/a><\/div>\n<\/div>\n\n\n\n<div class=\"wp-block-column is-layout-flow wp-block-column-is-layout-flow\"><div class=\"wp-block-image\">\n<figure class=\"aligncenter size-thumbnail is-resized\"><img loading=\"lazy\" decoding=\"async\" src=\"https:\/\/www.baum-ok.at\/pogats\/wp-content\/uploads\/2023\/07\/icon_landschaftspflege1-150x150.png\" alt=\"\" class=\"wp-image-31\" style=\"width:113px;height:113px\" width=\"113\" height=\"113\" srcset=\"https:\/\/www.baum-ok.at\/pogats\/wp-content\/uploads\/2023\/07\/icon_landschaftspflege1-150x150.png 150w, https:\/\/www.baum-ok.at\/pogats\/wp-content\/uploads\/2023\/07\/icon_landschaftspflege1.png 201w\" sizes=\"auto, (max-width: 113px) 100vw, 113px\" \/><\/figure>\n<\/div>\n\n<style>.wp-block-kadence-advancedbtn.kb-btns579_b3fd93-2b{gap:var(--global-kb-gap-xs, 0.5rem );justify-content:center;align-items:center;}.kt-btns579_b3fd93-2b .kt-button{font-weight:normal;font-style:normal;}.kt-btns579_b3fd93-2b .kt-btn-wrap-0{margin-right:5px;}.wp-block-kadence-advancedbtn.kt-btns579_b3fd93-2b .kt-btn-wrap-0 .kt-button{color:#555555;border-color:#555555;}.wp-block-kadence-advancedbtn.kt-btns579_b3fd93-2b .kt-btn-wrap-0 .kt-button:hover, .wp-block-kadence-advancedbtn.kt-btns579_b3fd93-2b .kt-btn-wrap-0 .kt-button:focus{color:#ffffff;border-color:#444444;}.wp-block-kadence-advancedbtn.kt-btns579_b3fd93-2b .kt-btn-wrap-0 .kt-button::before{display:none;}.wp-block-kadence-advancedbtn.kt-btns579_b3fd93-2b .kt-btn-wrap-0 .kt-button:hover, .wp-block-kadence-advancedbtn.kt-btns579_b3fd93-2b .kt-btn-wrap-0 .kt-button:focus{background:#444444;}<\/style>\n<div class=\"wp-block-kadence-advancedbtn kb-buttons-wrap kb-btns579_b3fd93-2b\"><style>ul.menu .wp-block-kadence-advancedbtn .kb-btn579_1890c6-0b.kb-button{width:initial;}.wp-block-kadence-advancedbtn .kb-btn579_1890c6-0b.kb-button{color:var(--global-palette3, #1A202C);background:rgba(255,255,255,0);border-top:1px solid var(--global-palette3, #1A202C);border-right:1px solid var(--global-palette3, #1A202C);border-bottom:1px solid var(--global-palette3, #1A202C);border-left:1px solid var(--global-palette3, #1A202C);}.wp-block-kadence-advancedbtn .kb-btn579_1890c6-0b.kb-button:hover, .wp-block-kadence-advancedbtn .kb-btn579_1890c6-0b.kb-button:focus{color:var(--global-palette2, #2B6CB0);border-top:1px solid var(--global-palette2, #2B6CB0);border-right:1px solid var(--global-palette2, #2B6CB0);border-bottom:1px solid var(--global-palette2, #2B6CB0);border-left:1px solid var(--global-palette2, #2B6CB0);}@media all and (max-width: 1024px){.wp-block-kadence-advancedbtn .kb-btn579_1890c6-0b.kb-button{border-top:1px solid var(--global-palette3, #1A202C);border-right:1px solid var(--global-palette3, #1A202C);border-bottom:1px solid var(--global-palette3, #1A202C);border-left:1px solid var(--global-palette3, #1A202C);}}@media all and (max-width: 1024px){.wp-block-kadence-advancedbtn .kb-btn579_1890c6-0b.kb-button:hover, .wp-block-kadence-advancedbtn .kb-btn579_1890c6-0b.kb-button:focus{border-top:1px solid var(--global-palette2, #2B6CB0);border-right:1px solid var(--global-palette2, #2B6CB0);border-bottom:1px solid var(--global-palette2, #2B6CB0);border-left:1px solid var(--global-palette2, #2B6CB0);}}@media all and (max-width: 767px){.wp-block-kadence-advancedbtn .kb-btn579_1890c6-0b.kb-button{border-top:1px solid var(--global-palette3, #1A202C);border-right:1px solid var(--global-palette3, #1A202C);border-bottom:1px solid var(--global-palette3, #1A202C);border-left:1px solid var(--global-palette3, #1A202C);}.wp-block-kadence-advancedbtn .kb-btn579_1890c6-0b.kb-button:hover, .wp-block-kadence-advancedbtn .kb-btn579_1890c6-0b.kb-button:focus{border-top:1px solid var(--global-palette2, #2B6CB0);border-right:1px solid var(--global-palette2, #2B6CB0);border-bottom:1px solid var(--global-palette2, #2B6CB0);border-left:1px solid var(--global-palette2, #2B6CB0);}}<\/style><a class=\"kb-button kt-button button kb-btn579_1890c6-0b kt-btn-size-small kt-btn-width-type-full kb-btn-global-inherit  kt-btn-has-text-true kt-btn-has-svg-false  wp-block-button__link wp-block-kadence-singlebtn\" href=\"https:\/\/www.baum-ok.at\/pogats\/service\/\"><span class=\"kt-btn-inner-text\"><strong>SERVICE<\/strong><br><strong>Leistungen<\/strong><\/span><\/a><\/div>\n<\/div>\n\n\n\n<div class=\"wp-block-column is-layout-flow wp-block-column-is-layout-flow\"><div class=\"wp-block-image\">\n<figure class=\"aligncenter size-thumbnail is-resized\"><img loading=\"lazy\" decoding=\"async\" src=\"https:\/\/www.baum-ok.at\/pogats\/wp-content\/uploads\/2023\/07\/icon_Baumwissen-150x150.png\" alt=\"\" class=\"wp-image-28\" style=\"width:113px;height:113px\" width=\"113\" height=\"113\" srcset=\"https:\/\/www.baum-ok.at\/pogats\/wp-content\/uploads\/2023\/07\/icon_Baumwissen-150x150.png 150w, https:\/\/www.baum-ok.at\/pogats\/wp-content\/uploads\/2023\/07\/icon_Baumwissen.png 201w\" sizes=\"auto, (max-width: 113px) 100vw, 113px\" \/><\/figure>\n<\/div>\n\n<style>.wp-block-kadence-advancedbtn.kb-btns579_07693c-7e{gap:var(--global-kb-gap-xs, 0.5rem );justify-content:center;align-items:center;}.kt-btns579_07693c-7e .kt-button{font-weight:normal;font-style:normal;}.kt-btns579_07693c-7e .kt-btn-wrap-0{margin-right:5px;}.wp-block-kadence-advancedbtn.kt-btns579_07693c-7e .kt-btn-wrap-0 .kt-button{color:#555555;border-color:#555555;}.wp-block-kadence-advancedbtn.kt-btns579_07693c-7e .kt-btn-wrap-0 .kt-button:hover, .wp-block-kadence-advancedbtn.kt-btns579_07693c-7e .kt-btn-wrap-0 .kt-button:focus{color:#ffffff;border-color:#444444;}.wp-block-kadence-advancedbtn.kt-btns579_07693c-7e .kt-btn-wrap-0 .kt-button::before{display:none;}.wp-block-kadence-advancedbtn.kt-btns579_07693c-7e .kt-btn-wrap-0 .kt-button:hover, .wp-block-kadence-advancedbtn.kt-btns579_07693c-7e .kt-btn-wrap-0 .kt-button:focus{background:#444444;}<\/style>\n<div class=\"wp-block-kadence-advancedbtn kb-buttons-wrap kb-btns579_07693c-7e\"><style>ul.menu .wp-block-kadence-advancedbtn .kb-btn579_38d595-0e.kb-button{width:initial;}.wp-block-kadence-advancedbtn .kb-btn579_38d595-0e.kb-button{color:var(--global-palette3, #1A202C);background:rgba(255,255,255,0);border-top:1px solid var(--global-palette3, #1A202C);border-right:1px solid var(--global-palette3, #1A202C);border-bottom:1px solid var(--global-palette3, #1A202C);border-left:1px solid var(--global-palette3, #1A202C);}.wp-block-kadence-advancedbtn .kb-btn579_38d595-0e.kb-button:hover, .wp-block-kadence-advancedbtn .kb-btn579_38d595-0e.kb-button:focus{color:var(--global-palette2, #2B6CB0);border-top:1px solid var(--global-palette2, #2B6CB0);border-right:1px solid var(--global-palette2, #2B6CB0);border-bottom:1px solid var(--global-palette2, #2B6CB0);border-left:1px solid var(--global-palette2, #2B6CB0);}@media all and (max-width: 1024px){.wp-block-kadence-advancedbtn .kb-btn579_38d595-0e.kb-button{border-top:1px solid var(--global-palette3, #1A202C);border-right:1px solid var(--global-palette3, #1A202C);border-bottom:1px solid var(--global-palette3, #1A202C);border-left:1px solid var(--global-palette3, #1A202C);}}@media all and (max-width: 1024px){.wp-block-kadence-advancedbtn .kb-btn579_38d595-0e.kb-button:hover, .wp-block-kadence-advancedbtn .kb-btn579_38d595-0e.kb-button:focus{border-top:1px solid var(--global-palette2, #2B6CB0);border-right:1px solid var(--global-palette2, #2B6CB0);border-bottom:1px solid var(--global-palette2, #2B6CB0);border-left:1px solid var(--global-palette2, #2B6CB0);}}@media all and (max-width: 767px){.wp-block-kadence-advancedbtn .kb-btn579_38d595-0e.kb-button{border-top:1px solid var(--global-palette3, #1A202C);border-right:1px solid var(--global-palette3, #1A202C);border-bottom:1px solid var(--global-palette3, #1A202C);border-left:1px solid var(--global-palette3, #1A202C);}.wp-block-kadence-advancedbtn .kb-btn579_38d595-0e.kb-button:hover, .wp-block-kadence-advancedbtn .kb-btn579_38d595-0e.kb-button:focus{border-top:1px solid var(--global-palette2, #2B6CB0);border-right:1px solid var(--global-palette2, #2B6CB0);border-bottom:1px solid var(--global-palette2, #2B6CB0);border-left:1px solid var(--global-palette2, #2B6CB0);}}<\/style><a class=\"kb-button kt-button button kb-btn579_38d595-0e kt-btn-size-small kt-btn-width-type-full kb-btn-global-inherit  kt-btn-has-text-true kt-btn-has-svg-false  wp-block-button__link wp-block-kadence-singlebtn\" href=\"https:\/\/www.baum-ok.at\/pogats\/beratung-wissen\/\"><span class=\"kt-btn-inner-text\"><strong>BERATUNG &amp;<\/strong><br><strong>Wissen<\/strong><\/span><\/a><\/div>\n<\/div>\n<\/div>\n\n\n\n<figure class=\"wp-block-pullquote has-border-color\" style=\"border-color:#ffffff00;border-width:27px\"><blockquote><p>Sie brauchen Unterst\u00fctzung? Wir sind f\u00fcr Sie da, sowohl f\u00fcr Privatperson oder als auch Gemeinde\/Kommune!<\/p><cite>Familie Pogats<\/cite><\/blockquote><\/figure>\n\n\n<style>.wp-block-kadence-spacer.kt-block-spacer-579_dfda20-87 .kt-block-spacer{height:60px;}.wp-block-kadence-spacer.kt-block-spacer-579_dfda20-87 .kt-divider{border-top-width:1px;height:1px;border-top-color:#eee;width:80%;border-top-style:solid;}<\/style>\n<div class=\"wp-block-kadence-spacer aligncenter kt-block-spacer-579_dfda20-87 kvs-sm-false\"><div class=\"kt-block-spacer kt-block-spacer-halign-center\"><\/div><\/div>\n\n\n\n<p><\/p>\n","protected":false},"excerpt":{"rendered":"<p>Wir sch\u00e4tzen die Lage ein \u2013 kontaktieren Sie uns. Kostenlose Angebotslegung Sie brauchen Unterst\u00fctzung? Wir sind f\u00fcr Sie da, sowohl f\u00fcr Privatperson oder als auch Gemeinde\/Kommune! Familie Pogats<\/p>\n","protected":false},"author":1,"featured_media":0,"parent":0,"menu_order":0,"comment_status":"closed","ping_status":"closed","template":"","meta":{"_coblocks_attr":"","_coblocks_dimensions":"","_coblocks_responsive_height":"","_coblocks_accordion_ie_support":"","_uag_custom_page_level_css":"","_kadence_starter_templates_imported_post":false,"_kad_post_transparent":"","_kad_post_title":"","_kad_post_layout":"","_kad_post_sidebar_id":"","_kad_post_content_style":"","_kad_post_vertical_padding":"","_kad_post_feature":"","_kad_post_feature_position":"","_kad_post_header":false,"_kad_post_footer":false,"footnotes":""},"class_list":["post-579","page","type-page","status-publish","hentry"],"uagb_featured_image_src":{"full":false,"thumbnail":false,"medium":false,"medium_large":false,"large":false,"1536x1536":false,"2048x2048":false},"uagb_author_info":{"display_name":"gtt_admin2","author_link":"https:\/\/www.baum-ok.at\/pogats\/author\/gtt_admin2\/"},"uagb_comment_info":0,"uagb_excerpt":"Wir sch\u00e4tzen die Lage ein \u2013 kontaktieren Sie uns. Kostenlose Angebotslegung Sie brauchen Unterst\u00fctzung? Wir sind f\u00fcr Sie da, sowohl f\u00fcr Privatperson oder als auch Gemeinde\/Kommune! Familie Pogats","_links":{"self":[{"href":"https:\/\/www.baum-ok.at\/pogats\/wp-json\/wp\/v2\/pages\/579","targetHints":{"allow":["GET"]}}],"collection":[{"href":"https:\/\/www.baum-ok.at\/pogats\/wp-json\/wp\/v2\/pages"}],"about":[{"href":"https:\/\/www.baum-ok.at\/pogats\/wp-json\/wp\/v2\/types\/page"}],"author":[{"embeddable":true,"href":"https:\/\/www.baum-ok.at\/pogats\/wp-json\/wp\/v2\/users\/1"}],"replies":[{"embeddable":true,"href":"https:\/\/www.baum-ok.at\/pogats\/wp-json\/wp\/v2\/comments?post=579"}],"version-history":[{"count":2,"href":"https:\/\/www.baum-ok.at\/pogats\/wp-json\/wp\/v2\/pages\/579\/revisions"}],"predecessor-version":[{"id":588,"href":"https:\/\/www.baum-ok.at\/pogats\/wp-json\/wp\/v2\/pages\/579\/revisions\/588"}],"wp:attachment":[{"href":"https:\/\/www.baum-ok.at\/pogats\/wp-json\/wp\/v2\/media?parent=579"}],"curies":[{"name":"wp","href":"https:\/\/api.w.org\/{rel}","templated":true}]}}